{"id":819,"date":"2021-04-03T01:07:04","date_gmt":"2021-04-03T05:07:04","guid":{"rendered":"https:\/\/autoled.cl\/index.php\/producto\/luz-led-automovil-9006-360-para-lupa-proyector-autoled-l17\/"},"modified":"2025-08-22T21:33:11","modified_gmt":"2025-08-23T01:33:11","slug":"luz-led-automovil-9006-360-para-lupa-proyector-autoled-l15","status":"publish","type":"product","link":"https:\/\/autoled.cl\/index.php\/producto\/luz-led-automovil-9006-360-para-lupa-proyector-autoled-l15\/","title":{"rendered":"Luz Led Autom\u00f3vil 9006 360\u00b0 para lupa\/proyector"},"content":{"rendered":"<p><strong>Caracter\u00edsticas:<\/strong><\/p>\n<p><strong>FUENTE DE LUZ M\u00c1S BRILLANTE<\/strong><br \/>\nCon chips LED CREE de grado automotriz, 80W <strong><em>10<\/em><\/strong><em><b>.000 LM (<\/b><b>l\u00famenes<\/b><b>) por par<\/b><\/em>, 300% m\u00e1s brillante que una ampolleta hal\u00f3gena.<\/p>\n<p><strong>MEJOR DISIPACI\u00d3N DE CALOR<\/strong><br \/>\nDisipador de calor de aluminio de alta calidad y <em><strong>potente<\/strong><\/em><em><strong>\u00a0ventilador<\/strong><\/em> de enfriamiento turbo de 8.000 RPM para asegurar que sus ampolletas LED tengan una <em><strong>duraci\u00f3n de hasta 30.000 horas<\/strong><\/em>.<\/p>\n<p><strong>TODO EN UN DISE\u00d1O<\/strong><br \/>\nControlador incorporado,\u00a0\u00a0<em><strong>IP68 a<\/strong><\/em><em><strong>\u00a0prueba de agua, a prueba de polvo<\/strong><\/em>, encendido instant\u00e1neo, con un circuito inteligente protegido contra el sobrecalentamiento.<\/p>\n<p><strong>SIN ERRORES DE EMC<br \/>\n<\/strong>Incluye soporte EMC para evitar interferencias con la radio.<\/p>\n<p><strong>Especificaciones:<\/strong><\/p>\n<table border=\"1\" width=\"451\" cellpadding=\"5\">\n<colgroup>\n<col \/>\n<col \/><\/colgroup>\n<tbody>\n<tr>\n<td>\u00a0Marca<\/td>\n<td><strong>\u00a0GENERICA<\/strong><\/td>\n<\/tr>\n<tr>\n<td>\u00a0Modelo<\/td>\n<td><strong>\u00a0<\/strong><\/td>\n<\/tr>\n<tr>\n<td>\u00a0Tipo de luz<\/td>\n<td><strong>\u00a09006-HB4<em><br \/>\n<\/em><\/strong><\/td>\n<\/tr>\n<tr>\n<td>\u00a0Material<\/td>\n<td>\u00a0Aluminio de aviaci\u00f3n 6063<\/td>\n<\/tr>\n<tr>\n<td>\u00a0Fuente de luz<\/td>\n<td>Chips LED CREE<\/td>\n<\/tr>\n<tr>\n<td>\u00a0Color claro<\/td>\n<td>\u00a06000 K blanco<\/td>\n<\/tr>\n<tr>\n<td>\u00a0Potencia \/ Consumo<\/td>\n<td>\u00a080 W \/ par (40 W \/ cada ampolleta)<\/td>\n<\/tr>\n<tr>\n<td>\u00a0Lumen<\/td>\n<td>\u00a010.000LM \/ set (5000LM \/ cada ampolleta)<\/td>\n<\/tr>\n<tr>\n<td>\u00a0voltaje<\/td>\n<td>\u00a0CC 9V-24V<\/td>\n<\/tr>\n<tr>\n<td>\u00a0Tarifa impermeable<\/td>\n<td>\u00a0IP 67<\/td>\n<\/tr>\n<tr>\n<td>\u00a0\u00c1ngulo de visi\u00f3n (\u03b8)<\/td>\n<td>\u00a0360 \u00b0<\/td>\n<\/tr>\n<tr>\n<td>\u00a0Temperatura de funcionamiento<\/td>\n<td>\u00a0-40 \u2103 ~ + 80 \u2103<\/td>\n<\/tr>\n<tr>\n<td>\u00a0Ventilador<\/td>\n<td>\u00a0Incluido<\/td>\n<\/tr>\n<tr>\n<td>\u00a0Esperanza de vida<\/td>\n<td>\u00a0Hasta 30.000 horas<\/td>\n<\/tr>\n<tr>\n<td><\/td>\n<td><\/td>\n<\/tr>\n<tr>\n<td>\u00a0Cantidad<\/td>\n<td>\u00a02 piezas<\/td>\n<\/tr>\n<tr>\n<td>\u00a0Garant\u00eda<\/td>\n<td><span style=\"color: #ff0000;\">\u00a06 meses<\/span><\/td>\n<\/tr>\n<tr>\n<td>\u00a0Certificaci\u00f3n<\/td>\n<td>\u00a0FCC, CE, RoHS<\/td>\n<\/tr>\n<\/tbody>\n<\/table>\n<p>&nbsp;<\/p>\n<p><strong>Nota:<\/strong><\/p>\n<p>1. Verifique el tipo de base de luz LED y el tama\u00f1o de su veh\u00edculo para confirmar si el art\u00edculo se ajusta a \u00e9l, y si desea instalarlo en su motocicleta, puede elegir H4, tiene un enchufe de tres clavijas y se adapta a la mayor\u00eda de motocicletas.<\/p>\n<p><strong>El paquete incluye:<\/strong><\/p>\n<p>2 ampolletas LED para faros delanteros<\/p>\n<p>Se entrega boleta o factura<\/p>\n","protected":false},"excerpt":{"rendered":"<p>\u00daltima en stock, 6 meses de garant\u00eda.<\/p>\n","protected":false},"featured_media":1140,"comment_status":"open","ping_status":"closed","template":"","meta":{"neve_meta_sidebar":"","neve_meta_container":"","neve_meta_enable_content_width":"off","neve_meta_content_width":70,"neve_meta_title_alignment":"","neve_meta_author_avatar":"","neve_post_elements_order":"","neve_meta_disable_header":"","neve_meta_disable_footer":"","neve_meta_disable_title":""},"location":[128,127],"product_brand":[],"product_cat":[71,15],"product_tag":[81,82],"class_list":{"0":"post-819","1":"product","2":"type-product","3":"status-publish","4":"has-post-thumbnail","6":"location-concepcion","7":"location-santiago","8":"product_cat-71","9":"product_cat-ampolletas","10":"product_tag-81","11":"product_tag-hb4","13":"first","14":"instock","15":"taxable","16":"shipping-taxable","17":"purchasable","18":"product-type-simple"},"locations":[{"id":127,"name":"Santiago","slug":"santiago","quantity":"0"}],"jetpack_likes_enabled":true,"jetpack_sharing_enabled":true,"_links":{"self":[{"href":"https:\/\/autoled.cl\/index.php\/wp-json\/wp\/v2\/product\/819","targetHints":{"allow":["GET"]}}],"collection":[{"href":"https:\/\/autoled.cl\/index.php\/wp-json\/wp\/v2\/product"}],"about":[{"href":"https:\/\/autoled.cl\/index.php\/wp-json\/wp\/v2\/types\/product"}],"replies":[{"embeddable":true,"href":"https:\/\/autoled.cl\/index.php\/wp-json\/wp\/v2\/comments?post=819"}],"wp:featuredmedia":[{"embeddable":true,"href":"https:\/\/autoled.cl\/index.php\/wp-json\/wp\/v2\/media\/1140"}],"wp:attachment":[{"href":"https:\/\/autoled.cl\/index.php\/wp-json\/wp\/v2\/media?parent=819"}],"wp:term":[{"taxonomy":"location","embeddable":true,"href":"https:\/\/autoled.cl\/index.php\/wp-json\/wp\/v2\/location?post=819"},{"taxonomy":"product_brand","embeddable":true,"href":"https:\/\/autoled.cl\/index.php\/wp-json\/wp\/v2\/product_brand?post=819"},{"taxonomy":"product_cat","embeddable":true,"href":"https:\/\/autoled.cl\/index.php\/wp-json\/wp\/v2\/product_cat?post=819"},{"taxonomy":"product_tag","embeddable":true,"href":"https:\/\/autoled.cl\/index.php\/wp-json\/wp\/v2\/product_tag?post=819"}],"curies":[{"name":"wp","href":"https:\/\/api.w.org\/{rel}","templated":true}]}}